isor of 1351034 and 49078.
926
Calculate the highest common divisor of 34277 and 242890.
227
Calculate the greatest common factor of 23828 and 66304.
1036
What is the highest common factor of 530506 and 1110?
74
Calculate the greatest common divisor of 657 and 2567043.
9
What is the highest common factor of 118 and 8677307?
59
What is the greatest common divisor of 432092 and 952?
4
What is the greatest common divisor of 12 and 3483387948?
12
Calculate the highest common divisor of 11688444 and 11808.
1476
Calculate the highest common factor of 911232 and 28.
28
Calculate the highest common divisor of 27109656 and 12312.
1368
Calculate the greatest common divisor of 3494232 and 2376.
216
Calculate the greatest common divisor of 560 and 111574960.
560
Calculate the highest common divisor of 61495 and 34741.
49
What is the highest common divisor of 559675 and 414556?
61
Calculate the greatest common divisor of 9031 and 12894626.
821
Calculate the greatest common divisor of 170963431 and 1119.
373
Calculate the highest common factor of 55256696 and 6666.
2222
Calculate the greatest common factor of 2952230 and 7268.
158
What is the highest common divisor of 36420352 and 640?
128
Calculate the greatest common factor of 70 and 119180460.
70
Calculate the greatest common divisor of 324 and 3581892.
36
Calculate the greatest common divisor of 28650 and 22395.
15
Calculate the highest common factor of 37 and 93526602.
37
What is the greatest common factor of 28335906 and 648?
162
Calculate the greatest common factor of 30695224 and 5278.
406
What is the highest common divisor of 13822830 and 60?
30
Calculate the greatest common divisor of 74 and 2658413.
37
What is the greatest common divisor of 79316 and 10112?
316
Calculate the greatest common divisor of 4352 and 88944.
272
Calculate the highest common factor of 50 and 92882425.
25
What is the greatest common factor of 7468 and 215278169?
1867
What is the greatest common factor of 828 and 13427124?
276
What is the greatest common factor of 5392 and 32632?
8
Calculate the greatest common divisor of 102268768 and 224.
224
Calculate the greatest common divisor of 6533 and 6549732.
47
Calculate the greatest common factor of 2172 and 363108444.
2172
What is the highest common factor of 648888 and 17499?
57
What is the greatest common divisor of 4590306 and 1904?
238
What is the greatest common factor of 29 and 7971578?
29
What is the highest common factor of 10480 and 4638880?
80
Calculate the highest common factor of 126 and 730356066.
18
Calculate the highest common factor of 136 and 168412472.
136
What is the greatest common factor of 2324 and 3031658?
1162
Calculate the highest common factor of 43891380 and 416.
52
Calculate the highest common factor of 586217 and 10537.
257
Calculate the highest common factor of 112782 and 138.
6
What is the highest common divisor of 8062 and 2815088?
58
Calculate the highest common factor of 1029 and 24717.
21
What is the greatest common factor of 1 and 1301533?
1
Calculate the greatest common divisor of 9803316 and 11826.
438
What is the highest common factor of 4220 and 13575740?
4220
What is the greatest common factor of 130378 and 9392574?
1786
What is the highest common divisor of 163166 and 155618?
34
What is the greatest common factor of 758443 and 45797?
1117
What is the highest common factor of 473 and 12633951?
11
What is the greatest common divisor of 7080 and 774552?
1416
What is the highest common divisor of 6 and 3282006?
6
Calculate the highest common factor of 50728487 and 1157.
89
What is the highest common factor of 502227 and 660231?
5643
What is the greatest common factor of 17629092 and 1084?
1084
Calculate the greatest common divisor of 17736 and 174446862.
4434
Calculate the highest common factor of 35216 and 2446272.
496
Calculate the highest common factor of 8334 and 262908.
18
Calculate the highest common factor of 280 and 82780460.
140
Calculate the highest common factor of 846062 and 144172.
3794
Calculate the highest common factor of 252762 and 87.
3
What is the highest common factor of 56497 and 54729451?
8071
What is the greatest common factor of 22564795 and 2241?
83
What is the highest common factor of 4903139 and 98171?
773
Calculate the greatest common divisor of 171 and 9832437.
9
What is the highest common factor of 129994352 and 32?
16
Calculate the greatest common divisor of 2081767853 and 121.
121
Calculate the greatest common divisor of 6534 and 13281444.
2178
Calculate the greatest common factor of 3114 and 15964.
2
What is the highest common factor of 272 and 181041552?
16
What is the highest common factor of 14014692 and 432?
36
What is the highest common factor of 3572320 and 2490?
830
What is the greatest common factor of 6495342 and 294?
294
Calculate the highest common divisor of 26644657 and 403.
13
Calculate the highest common factor of 12420 and 2119335.
345
What is the greatest common factor of 98 and 50017044?
98
Calculate the highest common divisor of 2 and 8577991.
1
Calculate the highest common divisor of 6523 and 14553.
11
Calculate the greatest common divisor of 5781 and 308976.
123
What is the greatest common divisor of 27523730 and 7527?
2509
Calculate the highest common factor of 1152 and 1130742.
18
Calculate the highest common factor of 1437201 and 8109.
477
What is the highest common divisor of 2210 and 134487?
17
Calculate the highest common factor of 11494 and 89950.
14
What is the highest common divisor of 5338272 and 2550?
102
Calculate the greatest common factor of 88543168 and 1344.
448
What is the highest common factor of 2 and 1479077?
1
What is the greatest common factor of 20199400 and 3760?
40
Calculate the highest common divisor of 25849208 and 308.
308
What is the greatest common factor of 71321 and 30287?
977
Calculate the greatest common factor of 308 and 13529626.
22
What is the greatest common factor of 9583437 and 4239?
471
Calculate the greatest common factor of 60393 and 153683.
491
Calculate the highest common factor of 21994677 and 1468.
367
Calculate the highest common divisor of 103918 and 5329642.
466
Calculate the greatest common divisor of 139231 and 2117880.
1961
What is the greatest common divisor of 18528 and 8848278?
1158
Calculate the greatest common factor of 1831396 and 812.
28
What is the greatest common divisor of 6399881 and 89557?
6889
What is the highest common factor of 411 and 97407959?
137
Calculate the greatest common divisor of 2963352 and 46562.
62
What is the greatest common factor of 27848158 and 65?
13
What is the greatest common factor of 217822 and 315359?
11
Calculate the highest common divisor of 16240 and 1051946.
406
Calculate the greatest common divisor of 9699261 and 3588.
897
What is the greatest common divisor of 50475959 and 497?
71
What is the highest common factor of 5795 and 9317201?
1159
Calculate the highest common factor of 2589743 and 39.
13
What is the greatest common divisor of 10180534 and 7930?
1586
What is the greatest common factor of 352 and 5452612?
44
What is the highest common divisor of 39650 and 2142400?
650
What is the greatest common divisor of 335 and 623184755?
335
Calculate the greatest common divisor of 817 and 206572.
43
Calculate the greatest common divisor of 18738985 and 1490.
745
Calculate the highest common divisor of 58964534 and 136.
34
Calculate the greatest common divisor of 78136352 and 234158.
2414
Calculate the greatest common factor of 13120 and 7215385.
205
What is the highest common divisor of 24644170 and 11001?
193
What is the greatest common divisor of 5852 and 3270204?
532
Calculate the greatest common factor of 342133 and 21774.
19
What is the highest common divisor of 46368 and 1039328?
32
What is the greatest common divisor of 435 and 3191325?
15
Calculate the greatest common factor of 149096826 and 36.
18
Calculate the highest common factor of 6664 and 4315144.
136
What is the highest common divisor of 1673 and 3596341?
7
What is the highest common divisor of 2516904 and 7176?
312
Calculate the greatest common divisor of 210 and 225230320.
70
Calculate the highest common factor of 3341 and 24893791.
3341
What is the highest common divisor of 225069 and 3276?
39
Calculate the highest common f